ivided by q.
3
Let o(g) = g**3 + 10*g**2 + 25*g + 78. Calculate the remainder when o(-4) is divided by 13.
9
Let r = 1282 - -509. Let o = -694 + r. What is the remainder when o is divided by 55?
52
What is the remainder when 5082 is divided by (-2)/(-11)*-1 + (-40672)/(-88)?
0
Let p = 28 + 8. Suppose 49 + 0 = 4*t + g, -3*t + p = g. Let a = t - 11. What is the remainder when 14 is divided by a?
0
Suppose 103*y - 116*y = -47164. What is the remainder when y is divided by 11?
9
Let a be (-16)/(-4) - (0/1 + 2). Suppose -a*h + 88 = 3*w - h, 4*h - 73 = -3*w. Calculate the remainder when w is divided by ((13 - -5)/2)/(0 - -1).
4
Suppose 23*v - 21*v - 32 = 0. Suppose -129 = 3*z - 2*b, z + 5*b + 30 = 4. Let m = 49 + z. What is the remainder when v is divided by m?
0
Suppose -297 = -4*t + 5*z, t = -4*t - 3*z + 399. Let l = 84 - t. Let n = 2 + l. What is the remainder when 22 is divided by n?
6
Let h(w) = w**2 - 15*w - 29. Let b(l) = 2*l**2 - 30*l - 58. Let y(c) = -3*b(c) + 5*h(c). Calculate the remainder when y(10) is divided by 25.
4
Suppose 5*b + 4*o + 4 = 49, -3*b - 5*o = -27. Calculate the remainder when -4 + (-25)/((-300)/888) is divided by b.
7
Suppose 0 = -o + 2, 16 = -v + 4*o + 135. What is the remainder when 508 is divided by v?
0
Suppose 4*k + 756 = -3*k. Let o be (-2 + -2)*(-685)/20*1. Let l = k + o. Calculate the remainder when 113 is divided by l.
26
Suppose -3*k - 6 = -27, -5*p + 3720 = -5*k. Calculate the remainder when p is divided by 111.
85
Let o = 1001 + -995. Suppose -4*m = -5*x + 17, -x + 0 + 4 = -m. Let q(f) = -12*f + 4. What is the remainder when q(m) is divided by o?
4
Suppose m + a - 435 = 0, 0*m + 2*m + 4*a = 880. Calculate the remainder when m is divided by 124.
58
Suppose 22 = l - 4*u, -13*u + 9*u - 24 = -2*l. Suppose 2*n - 157 = 4*j + 17, 0 = 4*n - l*j - 366. Calculate the remainder when 461 is divided by n.
89
Let p(q) = -q**2 - 48*q + 69. Let r be p(-41). Let n = r - 319. What is the remainder when 292 is divided by n?
33
Let q be (-32)/416 + 1158/13. Suppose -f + 92 = 4*g - 3*f, 0 = 5*g + 4*f - q. What is the remainder when 34 is divided by g?
13
What is the remainder when (-1)/((-1)/(-5)*3 + 369644/(-615890)) is divided by 10?
9
Suppose -13500 + 1670 = -107*i + 5718. What is the remainder when i is divided by 148?
16
Suppose -25*u + 21*u + 4*j = -1644, 3*u - 2*j - 1228 = 0. Calculate the remainder when u is divided by 33.
10
Suppose -q + 3 = 0, 47*g + 3*q - 12 - 843 = 0. What is the remainder when 969 is divided by g?
15
Suppose -368 = -11*t + 523. Let a = -3103 + 3115. Calculate the remainder when t is divided by a.
9
Suppose 10*b - 338 = -2898. Let w = -173 - b. What is the remainder when w is divided by 22?
17
Let j be 1*(-8)/32*4. What is the remainder when 4 + j/(2/(-18)) is divided by 7?
6
Suppose 12 = -2*x + 4*i, 12*x - 17*x - 3*i = 4. Calculate the remainder when 155 is divided by 13 - 10 - (12/(-4) - x).
3
Let j = -1222 - -1963. What is the remainder when j is divided by 16?
5
Let g(z) = -z**2 - 23*z + 12. Let a be g(-13). Let j = 163 - a. Let s = -16 - -24. Calculate the remainder when j is divided by s.
5
Suppose 9*q + 621 = 4*p + 6*q, 5*q - 184 = -p. Let i(a) = 12*a - 3. Let y be i(3). What is the remainder when p is divided by -2 + 1 - y/(-1)?
31
Let m = -5761 + 6597. What is the remainder when m is divided by 215?
191
Let o = 56 - 46. Suppose -i + 15 = 5*g + 1, g - o = -2*i. Suppose -7 = -4*l + 5. Calculate the remainder when i is divided by l.
1
Calculate the remainder when (-4)/(-28)*35 + (502 - 8) is divided by 118.
27
Let j = -40 + 40. Suppose -3*g + 21 = 3*u - j, 0 = g - 4*u + 18. Suppose 2*q = -2*d + 32, -2*d + 58 = 2*d + g*q. What is the remainder when 64 is divided by d?
12
Let h(i) = -7*i**2 - 91*i + 21. Let m be (10/(-2) - (-24)/(-4))*1. Calculate the remainder when h(m) is divided by 36.
31
Let a(x) = -573*x - 6440. Calculate the remainder when a(-12) is divided by 175.
86
Suppose 5*v = 4*w - 105, -3*w - 55*v + 74 = -54*v. Let f = -10 - -19. What is the remainder when w is divided by f?
7
Suppose -26*p + 45 + 163 = 0. Let z be ((-248)/6)/((-4)/18). What is the remainder when z/4 + 2/4 is divided by p?
7
Let k = 98 + 248. Let j = -261 + k. Calculate the remainder when j is divided by 11.
8
Suppose -5*h = 10, -2*h + 286 - 835 = -5*q. What is the remainder when 4027 is divided by q?
103
Let i(y) = 4*y**2 + 6*y + 3. Let d be 1 - -1 - (16 + -12). Calculate the remainder when 47 is divided by i(d).
5
Let h(y) = 221*y + 4381. Suppose f = -4*f + 75. Calculate the remainder when h(-19) is divided by f.
2
Let r(x) = -18*x - 37. Let i be r(-4). Calculate the remainder when (4 - 119/i) + 882/5 is divided by 6.
3
Calculate the remainder when 893 is divided by (156/(-2))/(-4*18/36).
35
Suppose 5*a + 2*b = 551, 47*a - b = 46*a + 99. Calculate the remainder when 624 is divided by a.
89
Calculate the remainder when -8 + ((-285)/20 + 17)/(2/5864) is divided by 212.
211
Suppose 0 = -2*s - 2*a + 820, 2178 = 5*s + 3*a + 126. Let g = 703 - s. Suppose g = 7*b + 68. What is the remainder when b is divided by 17?
15
Let m = 114 - 50. Suppose -4*h + 72 = -3*l + 2*l, -4*h = l - m. Suppose h*j - 18*j = -11. What is the remainder when 27 is divided by j?
5
Let m(v) = -v**2 - 163*v - 4792. Calculate the remainder when m(-45) is divided by 251.
16
Let n(r) = 2*r**3 + 20. Suppose -2*m + 5*w = -20, m - 2*m + 8 = -2*w. Let b(y) = -55*y. Calculate the remainder when b(-1) is divided by n(m).
15
Let i = -83 - -156. Suppose -5*u + 6*u - 1901 = w, 0 = -u + 2. Let h = w + 1925. Calculate the remainder when i is divided by h.
21
Let v = 22470 + -22141. Calculate the remainder when 404 is divided by v.
75
Suppose -10861 - 66844 = -128*a - 13449. What is the remainder when a is divided by 165?
7
Suppose 4*b - 5*b + 11 = -2*h, 5*b - h = 19. Suppose 3*v = b*f - 234, 4*v + 0*f + 340 = -3*f. Let x = 99 + v. Calculate the remainder when 50 is divided by x.
16
Suppose 27*o - 2*k = 24*o + 48, 5*k - 48 = -3*o. Let t = o - -7. What is the remainder when 43 is divided by t?
20
Let k be -20*(-1)/(-4)*7. Let b = 77 + k. Let n(m) = -2*m + 23. Calculate the remainder when b is divided by n(6).
9
Suppose -4*q + 3 = 7, -5*c + 65 = 5*q. Suppose c = -23*m + 221. Calculate the remainder when 63 is divided by m.
0
Suppose -2*i - 21 = -m + 2*i, -4*m + 174 = 2*i. Suppose -2*t - 54 = -29*t. Calculate the remainder when m is divided by 3 - t - (-13 - 1).
11
Let w(z) = 2*z**3 + 15*z**2 + 13*z + 45. Let k be w(-7). Suppose -4*s + 6*s = -2*x + 456, -k*s - 5*x = -686. What is the remainder when s is divided by 76?
75
Let x be 8/(-6) + (-148)/(-12). Suppose 2*t - x*v = -7*v + 120, 5*t + 2*v = 360. What is the remainder when t is divided by 19?
13
Suppose 0 = -23*w + 27*w + 26*w - 74460. Calculate the remainder when w is divided by 38.
12
Let a(k) = -3*k**2 - 52*k + 13. What is the remainder when 1635 is divided by a(-13)?
179
Let w(x) = x**2 + 14*x + 15. Let z be w(-13). Let j(p) = 2 - 13*p - 7*p**3 + 4*p**z + 10*p**3 - 2*p**3. What is the remainder when 14 is divided by j(-6)?
6
Calculate the remainder when (-129)/2*(94 + -96) is divided by (-1 + -18)*2/(-2).
15
Let j(r) = -r**3 + 3*r - 1. Suppose 21 - 7 = -7*y. Calculate the remainder when 4 is divided by j(y).
0
Let n(c) = c**2 - 3*c + 1. Let o be n(4). Let i = o - -13. Let f = i + -6. What is the remainder when 57 is divided by f?
9
Let r be 10/(2 - (-16)/(-12)). Suppose -8*w = -5*w - r. Suppose -4*v = -4*z - 23 - 5, 2*v = -w*z + 7. What is the remainder when 10 is divided by v?
4
Let w(c) = -c**2 - 5*c + 64. Let h be w(-16). Let x = h - -142. What is the remainder when 145 is divided by x?
25
What is the remainder when 421 is divided by (19 - 4968/264) + (-328)/(-11)?
1
Let j(f) = -f**3 + 6*f**2 - 2*f - 4. Let y(g) = 81 + 17*g - 4*g + 3*g**2 - 2*g**2. What is the remainder when y(-8) is divided by j(5)?
8
Let j(z) = 614*z - 1322. Calculate the remainder when j(18) is divided by 31.
27
Let n(j) = -68*j + 121. What is the remainder when n(-4) is divided by 200?
193
Suppose 41 = 15*k - 94. Let t(j) be the first derivative of -j**4/4 + 7*j**3/3 + 17*j**2/2 + 13*j - 2. What is the remainder when 7 is divided by t(k)?
3
Let o = 31172 - 31169. Suppose -6*g = -3*g - 6. Suppose 0 = a - g*a + 6. What is the remainde